{"id":1847,"date":"2026-01-15T13:48:27","date_gmt":"2026-01-15T13:48:27","guid":{"rendered":"https:\/\/elpo-thermoprozesstechnik.de\/?page_id=1847"},"modified":"2026-02-10T13:48:03","modified_gmt":"2026-02-10T13:48:03","slug":"kuehler","status":"publish","type":"page","link":"https:\/\/elpo-thermoprozesstechnik.de\/?page_id=1847","title":{"rendered":"K\u00fchler"},"content":{"rendered":"<h2><span style=\"color: #000000;\"><img loading=\"lazy\" decoding=\"async\" class=\"alignnone wp-image-1455\" src=\"https:\/\/elpo-thermoprozesstechnik.de\/wp-content\/uploads\/2021\/05\/2021053.gif\" alt=\"\" width=\"40\" height=\"40\" \/>\u00a0 <span style=\"color: #ff0000;\">K\u00dcHLER<\/span><\/span><\/h2>\n<p><span style=\"color: #000000;\">K\u00fchler mit Prozessk\u00fchlger\u00e4ten f\u00fcr nahezu jeden Temperaturbereich.<\/span><\/p>\n<p><span style=\"color: #000000;\"><strong>Varianten<\/strong><\/span><\/p>\n<ul>\n<li><span style=\"color: #000000;\">Durchlaufk\u00fchler<\/span><\/li>\n<li><span style=\"color: #000000;\">K\u00fchlkammern in Kombination mit Trocknungs- oder W\u00e4rmebehandlungsprozessen<\/span><\/li>\n<\/ul>\n<p>&nbsp;<\/p>\n<p><span style=\"color: #000000;\"><strong>Anwendungsbeispiele<\/strong><\/span><\/p>\n<ul>\n<li><span style=\"color: #000000;\">Abk\u00fchlen von Guss- und Metallteilen<\/span><\/li>\n<li><span style=\"color: #000000;\">Abk\u00fchlen von Gie\u00dfformen<\/span><\/li>\n<li><span style=\"color: #000000;\">Bauteiltemperierung<\/span><\/li>\n<\/ul>\n<p>&nbsp;<\/p>\n<p>&nbsp;<\/p>\n<p>&nbsp;<\/p>\n<p>&nbsp;<\/p>\n","protected":false},"excerpt":{"rendered":"<p>\u00a0 K\u00dcHLER K\u00fchler mit Prozessk\u00fchlger\u00e4ten f\u00fcr nahezu jeden Temperaturbereich. Varianten Durchlaufk\u00fchler K\u00fchlkammern in Kombination mit Trocknungs- oder W\u00e4rmebehandlungsprozessen &nbsp; Anwendungsbeispiele Abk\u00fchlen von Guss- und Metallteilen&#8230;<\/p>\n","protected":false},"author":1,"featured_media":774,"parent":1138,"menu_order":4,"comment_status":"open","ping_status":"closed","template":"","meta":{"footnotes":"","_links_to":"","_links_to_target":""},"class_list":["post-1847","page","type-page","status-publish","has-post-thumbnail","hentry"],"_links":{"self":[{"href":"https:\/\/elpo-thermoprozesstechnik.de\/index.php?rest_route=\/wp\/v2\/pages\/1847","targetHints":{"allow":["GET"]}}],"collection":[{"href":"https:\/\/elpo-thermoprozesstechnik.de\/index.php?rest_route=\/wp\/v2\/pages"}],"about":[{"href":"https:\/\/elpo-thermoprozesstechnik.de\/index.php?rest_route=\/wp\/v2\/types\/page"}],"author":[{"embeddable":true,"href":"https:\/\/elpo-thermoprozesstechnik.de\/index.php?rest_route=\/wp\/v2\/users\/1"}],"replies":[{"embeddable":true,"href":"https:\/\/elpo-thermoprozesstechnik.de\/index.php?rest_route=%2Fwp%2Fv2%2Fcomments&post=1847"}],"version-history":[{"count":4,"href":"https:\/\/elpo-thermoprozesstechnik.de\/index.php?rest_route=\/wp\/v2\/pages\/1847\/revisions"}],"predecessor-version":[{"id":1955,"href":"https:\/\/elpo-thermoprozesstechnik.de\/index.php?rest_route=\/wp\/v2\/pages\/1847\/revisions\/1955"}],"up":[{"embeddable":true,"href":"https:\/\/elpo-thermoprozesstechnik.de\/index.php?rest_route=\/wp\/v2\/pages\/1138"}],"wp:featuredmedia":[{"embeddable":true,"href":"https:\/\/elpo-thermoprozesstechnik.de\/index.php?rest_route=\/wp\/v2\/media\/774"}],"wp:attachment":[{"href":"https:\/\/elpo-thermoprozesstechnik.de\/index.php?rest_route=%2Fwp%2Fv2%2Fmedia&parent=1847"}],"curies":[{"name":"wp","href":"https:\/\/api.w.org\/{rel}","templated":true}]}}