{"id":1104,"date":"2018-10-09T06:53:27","date_gmt":"2018-10-09T06:53:27","guid":{"rendered":"http:\/\/elpo-thermoprozesstechnik.de\/?page_id=1104"},"modified":"2026-02-10T12:22:23","modified_gmt":"2026-02-10T12:22:23","slug":"datenschutzinformation-fuer-lieferanten","status":"publish","type":"page","link":"https:\/\/elpo-thermoprozesstechnik.de\/?page_id=1104","title":{"rendered":"Datenschutzinformation f\u00fcr Lieferanten"},"content":{"rendered":"<h2><span style=\"color: #ff0000;\">Datenschutzinformation f\u00fcr Lieferanten<strong><br \/>\n<\/strong><\/span><\/h2>\n<p><span style=\"color: #ff0000;\">&#8212;&#8212;&#8212;&#8212;&#8212;&#8212;&#8212;&#8212;&#8212;&#8212;&#8212;&#8212;&#8212;&#8212;&#8212;&#8212;&#8212;&#8212;&#8212;&#8212;&#8212;&#8212;&#8212;&#8212;&#8212;&#8212;&#8212;&#8212;&#8212;&#8212;&#8212;&#8212;&#8212;&#8212;&#8211;<\/span><\/p>\n<p>Datenschutz ist f\u00fcr uns ein wichtiges Anliegen. Nachfolgend informieren wir Sie, wie wir Ihre Daten verarbeiten und welche Rechte Ihnen zustehen:<\/p>\n<p><strong>1. Wer ist f\u00fcr die Datenverarbeitung verantwortlich und an wen k\u00f6nnen Sie sich wenden?<\/strong><\/p>\n<p>ELPO GmbH, Kuchengrund 18, 71522 Backnang, Telefon: +49 (0) 7191 \/ 9572-0, Telefax: +49 (0) 7191 \/ 9572-29, E-Mail: info[at]elpo.de<\/p>\n<p><strong>2. Kontaktdaten des Datenschutzbeauftragten<\/strong><\/p>\n<p>E-Mail: datenschutz[at]elpo.de<\/p>\n<p><strong>3. Verarbeitungszwecke und Rechtsgrundlage<\/strong><\/p>\n<p>Ihre personenbezogenen Daten werden nach den Bestimmungen der Datenschutz-Grundverordnung (DSGVO), dem Bundesdatenschutzgesetz (BDSG) und anderen relevanten Datenschutzvorschriften verarbeitet. Die Verarbeitung und Nutzung der einzelnen Daten ist abh\u00e4ngig von der vereinbarten oder beantragten Dienstleistung. In unseren Vertragsunterlagen, Formularen, Einwilligungserkl\u00e4rungen und den anderen Ihnen zur Verf\u00fcgung gestellten Informationen (z.\u00a0B. auf der Website) k\u00f6nnen Sie weitere Details und Erg\u00e4nzungen zu den Verarbeitungszwecken entnehmen.<\/p>\n<p><strong>3.1 Einwilligung (Art. 6 Abs. 1 Buchst. a DSGVO)<\/strong><\/p>\n<p>Falls Sie uns eine Einwilligung zur Verarbeitung von personenbezogenen Daten erteilt haben, ist die jeweilige Einwilligung Rechtsgrundlage f\u00fcr die dort genannte Verarbeitung. Sie k\u00f6nnen Einwilligungen jederzeit mit Wirkung f\u00fcr die Zukunft widerrufen.<\/p>\n<p><strong>3.2 Erf\u00fcllung von vertraglichen Pflichten (Art. 6 Abs. 1 Buchst. b DSGVO)<\/strong><\/p>\n<p>Wir verarbeiten Ihre personenbezogenen Daten zur Durchf\u00fchrung unserer Vertr\u00e4ge mit Ihnen, insbesondere im Rahmen unserer Bestellbearbeitung und Dienstleistungsinanspruchnahme. Weiterhin werden Ihre personenbezogenen Daten zur Durchf\u00fchrung von Ma\u00dfnahmen und T\u00e4tigkeiten im Rahmen von vorvertraglichen Beziehungen, verarbeitet.<\/p>\n<p><strong>3.3 Erf\u00fcllung rechtlicher Verpflichtungen (Art. 6 Abs. 1 c DSGVO)<\/strong><\/p>\n<p>Wir verarbeiten Ihre personenbezogenen Daten, wenn dies zur Erf\u00fcllung von rechtlichen Verpflichtungen notwendig ist (z.B. Handels-, Steuergesetze). Weiterhin verarbeiten wir Ihre Daten ggf. f\u00fcr die Identit\u00e4ts- und Alterspr\u00fcfung, Betrugs- und Geldw\u00e4schepr\u00e4vention, die Verhinderung, Bek\u00e4mpfung und Aufkl\u00e4rung der Terrorismusfinanzierung und verm\u00f6gensgef\u00e4hrdender Straftaten, Abgleiche mit europ\u00e4ischen und internationalen Antiterrorlisten, die Erf\u00fcllung steuerrechtlicher Kontroll- und Meldepflichten sowie die Archivierung von Daten zu Zwecken des Datenschutzes und der Datensicherheit sowie der Pr\u00fcfung durch Steuer- und andere Beh\u00f6rden. Dar\u00fcber hinaus kann die Offenlegung personenbezogener Daten im Rahmen von beh\u00f6rdlichen\/gerichtlichen Ma\u00dfnahmen zu Zwecken der Beweiserhebung, Strafverfolgung oder Durchsetzung zivilrechtlicher Anspr\u00fcche erforderlich werden.<\/p>\n<p><strong>3.4 Berechtigtes Interesse von uns oder Dritten (Art. 6 Abs. 1 f DSGVO)<\/strong><\/p>\n<p>Wir k\u00f6nnen Ihre personenbezogenen Daten au\u00dferdem auf Basis einer Interessenabw\u00e4gung zur Wahrung des berechtigten Interesses von uns oder von Dritten verwenden. Dies erfolgt zu folgenden Zwecken:<\/p>\n<ul>\n<li>f\u00fcr die Werbung oder Marktforschung, falls Sie der Nutzung Ihrer Daten nicht widersprochen haben.<\/li>\n<li>f\u00fcr die Einholung von Ausk\u00fcnften und den Datenaustausch mit Auskunfteien, falls dies \u00fcber unser wirtschaftliches Risiko hinausgeht.<\/li>\n<li>f\u00fcr die eingeschr\u00e4nkte Speicherung Ihrer Daten, falls eine L\u00f6schung wegen der besonderen Art der Speicherung nicht oder nur mit unverh\u00e4ltnism\u00e4\u00dfig hohem Aufwand m\u00f6glich ist.<\/li>\n<li>f\u00fcr den Abgleich mit europ\u00e4ischen und internationalen Antiterrorlisten, falls dies \u00fcber die gesetzlichen Verpflichtungen hinausgeht.<\/li>\n<li>f\u00fcr die Weiterentwicklung von Dienstleistungen und Produkten sowie bestehenden Systemen und Prozessen.<\/li>\n<li>f\u00fcr die Offenlegung von personenbezogenen Daten im Rahmen einer Due Diligence z.B. bei Unternehmensverk\u00e4ufen.<\/li>\n<li>f\u00fcr die Anreicherung unserer Daten durch Nutzung oder der Recherche \u00f6ffentlich zug\u00e4nglicher Daten.<\/li>\n<li>f\u00fcr statistische Auswertungen oder f\u00fcr Markanalysen.<\/li>\n<li>f\u00fcr das Benchmarking.<\/li>\n<li>f\u00fcr die Geltendmachung rechtlicher Anspr\u00fcche und Verteidigung bei rechtlichen Streitigkeiten, die nicht unmittelbar dem Vertragsverh\u00e4ltnis zuzuordnen sind.<\/li>\n<li>f\u00fcr interne und externe Untersuchungen und oder Sicherheits\u00fcberpr\u00fcfungen.<\/li>\n<li>f\u00fcr das eventuelle Mith\u00f6ren oder Aufzeichnen von Telefongespr\u00e4chen zur Qualit\u00e4tskontrolle und zu Schulungszwecken.<\/li>\n<li>f\u00fcr Zertifizierungen privatrechtlicher oder beh\u00f6rdlicher Angelegenheiten.<\/li>\n<li>f\u00fcr die Sicherstellung und Wahrnehmung unseres Hausrechts durch entsprechende Ma\u00dfnahmen (z.B. Video\u00fcberwachungen).<\/li>\n<\/ul>\n<p>&nbsp;<\/p>\n<h4>4. Kategorien von personenbezogenen Daten, die von uns verarbeitet werden<\/h4>\n<p>Folgende Daten werden verarbeitet:<\/p>\n<ul>\n<li>Personendaten (Name, Staatsangeh\u00f6rigkeit, Beruf\/Branche und vergleichbare Daten)<\/li>\n<li>Kontaktdaten (Adresse, Email -Adresse, Telefonnummer und vergleichbare Daten)<\/li>\n<li>Zahlungs-\/Deckungsbest\u00e4tigung bei Bank- und Kreditkarten<\/li>\n<li>Lieferantenhistorie<\/li>\n<\/ul>\n<p>Wir verarbeiten weiterhin personenbezogene Daten aus \u00f6ffentlichen Quellen (z.B. Internet, Medien, Presse, Handels- und Vereinsregister, Melderegister, Schuldnerverzeichnisse, Grundb\u00fccher). Wir verarbeiten, falls es f\u00fcr die Erbringung unsere Dienstleistung erforderlich ist, personenbezogene Daten, die wir von Dritten rechtm\u00e4\u00dfig erhalten haben (z.B. Adressverlage, Auskunfteien)<\/p>\n<h4>5. Wer erh\u00e4lt Ihre Daten?<\/h4>\n<p>Wir geben Ihre personenbezogenen Daten innerhalb unseres Unternehmens an die Bereiche weiter, die diese Daten zur Erf\u00fcllung der vertraglichen und gesetzlichen Pflichten bzw. zu der Umsetzung unseres berechtigten Interesses ben\u00f6tigen.<\/p>\n<p>Dar\u00fcber hinaus k\u00f6nnen folgende Stellen Ihre Daten erhalten:<\/p>\n<ul>\n<li>von uns eingesetzte Auftragsverarbeiter (Art. 28 DSGVO) und Dienstleister f\u00fcr unterst\u00fctzende T\u00e4tigkeiten und weitere Verantwortliche im Sinne der DSGVO, insbesondere in den Bereichen IT-Dienstleistungen, externe Rechenzentren, Unterst\u00fctzung\/Wartung von EDV-\/IT-Anwendungen, Webseitenmanagement, Steuerberatung und Wirtschaftspr\u00fcfungsdienstleistung<\/li>\n<li>\u00f6ffentliche Stellen und Institutionen bei Vorliegen einer gesetzlichen oder beh\u00f6rdlichen Verpflichtung, nach denen wir zur Auskunft, Meldung oder Weitergabe von Daten verpflichtet sind oder die Datenweitergabe im \u00f6ffentlichen Interesse liegt<\/li>\n<li>Stellen und Institutionen aufgrund unseres berechtigten Interesses oder des berechtigten Interesses des Dritten f\u00fcr im Rahmen der unter Punkt 3.4 genannten Zwecke (z. B. an Beh\u00f6rden, Auskunfteien, Inkasso, Rechtsanw\u00e4lte, Gerichte, Gutachter und Kontrollinstanzen)<\/li>\n<li>sonstige Stellen, f\u00fcr die Sie uns Ihre Einwilligung zur Daten\u00fcbermittlung erteilt haben<\/li>\n<\/ul>\n<p>&nbsp;<\/p>\n<h4>6. \u00dcbermittlung Ihrer Daten an ein Drittland oder an eine internationale Organisation<\/h4>\n<p>Eine Datenverarbeitung au\u00dferhalb der EU bzw. des EWR findet nicht statt.<\/p>\n<h4>7. Wie lange speichern wir Ihre Daten?<\/h4>\n<p>Soweit erforderlich, verarbeiten wir Ihre personenbezogenen Daten f\u00fcr die Dauer unserer Gesch\u00e4ftsbeziehung, dies umfasst auch die Anbahnung und Abwicklung eines Vertrags.<\/p>\n<p>Dar\u00fcber hinaus unterliegen wir verschiedenen Aufbewahrungs- und Dokumentationspflichten, die sich u. a. aus dem Handelsgesetzbuch (HGB) und der Abgabenordnung (AO) ergeben. Die dort vorgegebenen Fristen zur Aufbewahrung bzw. Dokumentation betragen bis zehn Jahre \u00fcber das Ende der Gesch\u00e4ftsbeziehung bzw. des vorvertraglichen Rechtsverh\u00e4ltnisses hinaus.<\/p>\n<p>Letztendlich beurteilt sich die Speicherdauer auch nach den gesetzlichen Verj\u00e4hrungsfristen, die zum Beispiel nach den \u00a7\u00a7 195 ff. des B\u00fcrgerlichen Gesetzbuches (BGB) in der Regel drei Jahre, in gewissen F\u00e4llen aber auch bis zu drei\u00dfig Jahre betragen k\u00f6nnen.<\/p>\n<h4>8. Inwieweit gibt es eine automatisierte Entschiedungsfindung im Einzelfall (einschlie\u00dflich Profiling)?<\/h4>\n<p>Von uns werden keine rein automatisierten Entscheidungsverfahren gem\u00e4\u00df Artikel 22 DSGVO eingesetzt. Sollten wir diese Verfahren in Einzelf\u00e4llen einsetzen, werden wir Sie hier\u00fcber gesondert informieren, sofern dies gesetzlich vorgegeben ist.<\/p>\n<h4>9. Ihre Datenschutzrechte<\/h4>\n<p>Sie haben das Recht auf Auskunft nach Art. 15 DSGVO, das Recht auf Berichtigung nach Art. 16 DSGVO, das Recht auf L\u00f6schung nach Art. 17 DSGVO, das Recht auf Einschr\u00e4nkung der Verarbeitung nach Art. 18 DSGVO sowie das Recht auf Daten\u00fcbertragbarkeit aus Art. 20 DSGVO. Dar\u00fcber hinaus besteht ein Beschwerderecht bei einer Datenschutzaufsichtsbeh\u00f6rde (Art. 77 DSGVO). Grunds\u00e4tzlich besteht nach Artikel 21 DSGVO das Widerspruchsrecht gegen die Verarbeitung von personenbezogenen Daten durch uns. Dieses Widerspruchsrecht gilt allerdings nur bei Vorliegen ganz besonderer Umst\u00e4nde Ihrer pers\u00f6nlichen Situation, wobei Rechte unseres Hauses Ihrem Widerspruchsrecht ggf. entgegenstehen k\u00f6nnen. Falls Sie eines dieser Rechte geltend machen wollen, wenden Sie sich bitte an unseren Datenschutzbeauftragten (datenschutz[at]elpo.de)<\/p>\n<h4>10. Umgang Ihrer Pflichten, uns Ihre Daten bereitzustellen<\/h4>\n<p>Sie brauchen nur diejenigen Daten bereitstellen, die f\u00fcr die Aufnahme und Durchf\u00fchrung einer Gesch\u00e4ftsbeziehung oder f\u00fcr ein vorvertragliches Verh\u00e4ltnis mit uns erforderlich sind oder zu deren Erhebung wir gesetzlich verpflichtet sind. Ohne diese Daten werden wir in der Regel nicht in der Lage sein, den Vertrag zu schlie\u00dfen oder auszuf\u00fchren. Dies kann sich auch auf sp\u00e4ter im Rahmen der Gesch\u00e4ftsbeziehung erforderliche Daten beziehen. Sofern wir dar\u00fcber hinaus Daten von Ihnen erbitten, werden Sie auf die Freiwilligkeit der Angaben gesondert hingewiesen.<\/p>\n<h4>11. Information \u00fcber Ihr Widerspruchsrecht Art 21 DSGVO<\/h4>\n<p>Sie haben jederzeit das Recht, gegen die Verarbeitung Ihrer Daten, die aufgrund von Art. 6 Abs. 1 f DSGVO (Datenverarbeitung auf der Grundlage einer Interessenabw\u00e4gung) oder Art. 6 Abs. 1 e DSGVO (Datenverarbeitung im \u00f6ffentlichen Interesse) erfolgt, Widerspruch einzulegen, wenn daf\u00fcr Gr\u00fcnde vorliegen, die sich aus Ihrer besonderen Situation ergeben. Dies gilt auch f\u00fcr ein auf diese Bestimmung gest\u00fctztes Profiling im Sinne von Art. 4 Nr. 4 DSGVO.<\/p>\n<p>Falls Sie Widerspruch einlegen, werden wir Ihre personenbezogenen Daten nicht mehr verarbeiten, es sei denn, wir k\u00f6nnen zwingende schutzw\u00fcrdige Gr\u00fcnde f\u00fcr die Verarbeitung nachweisen, die Ihre Interessen, Rechte und Freiheiten \u00fcberwiegen, oder die Verarbeitung dient der Geltendmachung, Aus\u00fcbung oder Verteidigung von Rechtsanspr\u00fcchen.<\/p>\n<p>Der Widerspruch kann formlos an die unter Punkt 1 aufgef\u00fchrte Adresse erfolgen.<\/p>\n<h4>12. Ihr Beschwerderecht bei der zust\u00e4ndigen Aufsichtsbeh\u00f6rde<\/h4>\n<p>Ihnen steht ein Beschwerderecht bei der Datenschutzaufsichtsbeh\u00f6rde zu (Art. 77 DSGVO). Die f\u00fcr uns zust\u00e4ndige Aufsichtsbeh\u00f6rde ist:<\/p>\n<p>Landesbeauftragter f\u00fcr den Datenschutz und die Informationsfreiheit Baden-W\u00fcrttemberg, Lautenschlagerstra\u00dfe 20, 70173 Stuttgart, Telefon: +49 (0) 711 \/ 615541-0, Telefax: +49 (0) 711 \/ 615541-15, E-Mail: poststelle[at]lfd.bwl.de, Internet: www.baden-wuerttemberg.datenschutz.de<\/p>\n<p>&nbsp;<\/p>\n<p>&nbsp;<\/p>\n<p>&nbsp;<\/p>\n<p>&nbsp;<\/p>\n","protected":false},"excerpt":{"rendered":"<p>Datenschutzinformation f\u00fcr Lieferanten &#8212;&#8212;&#8212;&#8212;&#8212;&#8212;&#8212;&#8212;&#8212;&#8212;&#8212;&#8212;&#8212;&#8212;&#8212;&#8212;&#8212;&#8212;&#8212;&#8212;&#8212;&#8212;&#8212;&#8212;&#8212;&#8212;&#8212;&#8212;&#8212;&#8212;&#8212;&#8212;&#8212;&#8212;&#8211; Datenschutz ist f\u00fcr uns ein wichtiges Anliegen. Nachfolgend informieren wir Sie, wie wir Ihre Daten verarbeiten und welche Rechte Ihnen zustehen:&#8230;<\/p>\n","protected":false},"author":1,"featured_media":1760,"parent":15,"menu_order":7,"comment_status":"closed","ping_status":"closed","template":"","meta":{"footnotes":"","_links_to":"","_links_to_target":""},"class_list":["post-1104","page","type-page","status-publish","has-post-thumbnail","hentry"],"_links":{"self":[{"href":"https:\/\/elpo-thermoprozesstechnik.de\/index.php?rest_route=\/wp\/v2\/pages\/1104","targetHints":{"allow":["GET"]}}],"collection":[{"href":"https:\/\/elpo-thermoprozesstechnik.de\/index.php?rest_route=\/wp\/v2\/pages"}],"about":[{"href":"https:\/\/elpo-thermoprozesstechnik.de\/index.php?rest_route=\/wp\/v2\/types\/page"}],"author":[{"embeddable":true,"href":"https:\/\/elpo-thermoprozesstechnik.de\/index.php?rest_route=\/wp\/v2\/users\/1"}],"replies":[{"embeddable":true,"href":"https:\/\/elpo-thermoprozesstechnik.de\/index.php?rest_route=%2Fwp%2Fv2%2Fcomments&post=1104"}],"version-history":[{"count":7,"href":"https:\/\/elpo-thermoprozesstechnik.de\/index.php?rest_route=\/wp\/v2\/pages\/1104\/revisions"}],"predecessor-version":[{"id":1465,"href":"https:\/\/elpo-thermoprozesstechnik.de\/index.php?rest_route=\/wp\/v2\/pages\/1104\/revisions\/1465"}],"up":[{"embeddable":true,"href":"https:\/\/elpo-thermoprozesstechnik.de\/index.php?rest_route=\/wp\/v2\/pages\/15"}],"wp:featuredmedia":[{"embeddable":true,"href":"https:\/\/elpo-thermoprozesstechnik.de\/index.php?rest_route=\/wp\/v2\/media\/1760"}],"wp:attachment":[{"href":"https:\/\/elpo-thermoprozesstechnik.de\/index.php?rest_route=%2Fwp%2Fv2%2Fmedia&parent=1104"}],"curies":[{"name":"wp","href":"https:\/\/api.w.org\/{rel}","templated":true}]}}