{"id":1036,"date":"2018-05-24T11:54:23","date_gmt":"2018-05-24T11:54:23","guid":{"rendered":"http:\/\/elpo-thermoprozesstechnik.de\/?page_id=1036"},"modified":"2026-02-10T12:22:01","modified_gmt":"2026-02-10T12:22:01","slug":"impressum","status":"publish","type":"page","link":"https:\/\/elpo-thermoprozesstechnik.de\/?page_id=1036","title":{"rendered":"Impressum"},"content":{"rendered":"<p><strong>Verantwortlich f\u00fcr den Inhalt dieser Internetpr\u00e4senz.<\/strong><br \/>\nELPO GmbH<br \/>\nKuchengrund 18<br \/>\n71522 Backnang<br \/>\nDeutschland<\/p>\n<p><strong> Telefon:<\/strong> +49 (0) 7191 \/ 9572-0 <strong><br \/>\nTelefax:<\/strong> +49 (0) 7191 \/ 9572-29 <strong><br \/>\nE-Mail:<\/strong> info[at]elpo.de<\/p>\n<p><strong>Vertreten durch:<\/strong> Uwe Junk<strong><br \/>\nSitz der Gesellschaft:<\/strong> Backnang <strong><br \/>\nAmtsgericht Stuttgart:<\/strong> HRB 271252<br \/>\n<strong>Umsatzsteuer ID:<\/strong> DE 171344677<\/p>\n<p><strong>Inhaltlich Verantwortlicher gem\u00e4ss \u00a7 6 MDStV:<\/strong> Uwe Junk<\/p>\n<p><strong>Konzept + Realisation<\/strong><br \/>\nconsekwent konzepte f\u00fcr print und web<br \/>\nEndersbacher Stra\u00dfe 27<br \/>\n71334 Waiblingen<br \/>\nDeutschland<br \/>\n<a href=\"http:\/\/www.consekwent.de\" target=\"_blank\" rel=\"noopener\">www.consekwent.de<\/a><\/p>\n<p>BATTERIESINCLUDED<br \/>\nB\u00fcro f\u00fcr Kommunikationsdesign<br \/>\n<a href=\"http:\/\/www.batteriesincluded.de\" target=\"_blank\" rel=\"noopener\">www.batteriesincluded.de<\/a><\/p>\n<p><strong>Copyright<\/strong><br \/>\n\u00a9 ELPO GmbH 2010. Backnang.<\/p>\n<p><strong>Hinweis<\/strong> Irrtum und \u00c4nderungen vorbehalten. Diese Internetseite dient ausschlie\u00dflich zu Informationszwecken und begr\u00fcndet keinerlei ausdr\u00fcckliche oder implizite Garantieanspr\u00fcche in Bezug auf von ELPO GmbH angebotene bzw. anzubietende Produkte oder Dienstleistungen. Alle Abbildungen auf diesen Internetseiten geben u. U. die wirklichen Produkte nur vereinfacht wieder. F\u00fcr Informationen \u00fcber Konstruktionen und Thermoprozesstechnische Anlagen wenden Sie sich bitte an ELPO GmbH.<\/p>\n<p><strong>Haftungshinweis<\/strong> Trotz sorgf\u00e4ltiger inhaltlicher Kontrolle \u00fcbernehmen wir keine Haftung f\u00fcr die Inhalte externer Links. F\u00fcr den Inhalt der verlinkten Seiten sind ausschlie\u00dflich deren Betreiber verantwortlich!<\/p>\n<p><strong>Rechtliche Hinweise:<\/strong><\/p>\n<p><strong>Nutzungsbedingungen\/Disclaimer<\/strong><\/p>\n<p>Die Website wurde mit gr\u00f6\u00dftm\u00f6glicher Sorgfalt zusammengestellt. Trotzdem kann ELPO f\u00fcr die Aktualit\u00e4t, Korrektheit, Vollst\u00e4ndigkeit oder Qualit\u00e4t der bereitgestellten Informationen keine Gew\u00e4hr \u00fcbernehmen. Die Angaben sind unverbindlich. Eine Zusicherung oder Gew\u00e4hrleistung jedweder Art, sei sie ausdr\u00fccklich oder stillschweigend, wird durch ELPO nicht abgegeben. Jegliche Haftung ist ausgeschlossen, soweit nicht wegen Vorsatzes oder grober Fahrl\u00e4ssigkeit oder aufgrund gesetzlicher Bestimmungen zwingend gehaftet werden muss. ELPO beh\u00e4lt sich vor, Teile der Seiten oder das ganze Angebot ohne besondere Ank\u00fcndigung zu ver\u00e4ndern, zu erg\u00e4nzen, zu l\u00f6schen oder die Ver\u00f6ffentlichung zeitweise oder endg\u00fcltig einzustellen. Eine Pflicht zur Aktualisierung der Angaben auf der Website besteht nicht. Internetseiten, die von unserer Website mittels Link erreicht werden k\u00f6nnen, geben ausschlie\u00dflich fremde Inhalte wieder, auf die ELPO keinen Einfluss hat. Durch das Setzen eines Links zu fremden Websites macht sich ELPO weder diese Website noch deren Inhalt zu eigen. F\u00fcr die Inhalte der verlinkten Seiten ist stets der jeweilige Anbieter oder Betreiber der Seiten verantwortlich. Eine Verantwortung f\u00fcr den Inhalt der fremden Sites wird daher durch ELPO nicht \u00fcbernommen. Die verlinkten Seiten wurden zum Zeitpunkt der Verlinkung auf m\u00f6gliche Rechtsverst\u00f6\u00dfe \u00fcberpr\u00fcft. Eine permanente inhaltliche Kontrolle der verlinkten Seiten ist jedoch ohne konkrete Anhaltspunkte einer Rechtsverletzung nicht zumutbar. Bei bekannt werden von Rechtsverst\u00f6\u00dfen werden wir derartige Links umgehend entfernen. Die Benutzung der Linkverbindungen zu fremden Websites erfolgt auf eigenes Risiko des Benutzers. Die Haftung f\u00fcr dadurch entstehende Sch\u00e4den ist ausgeschlossen. Diese Internetseite enth\u00e4lt m\u00f6glicherweise zukunftsgerichtete Aussagen. Diese Aussagen basieren auf den Erwartungen, Markteinsch\u00e4tzungen und Prognosen der Gesch\u00e4ftsleitung sowie den ihm derzeit zur Verf\u00fcgung stehenden Informationen. Die zukunftsgerichteten Aussagen sind insbesondere nicht als Garantien der darin genannten zuk\u00fcnftigen Entwicklungen und Ergebnisse zu verstehen. Obwohl die Gesch\u00e4ftsleitung \u00fcberzeugt ist, dass die gemachten Aussagen und ihre zugrunde liegenden \u00dcberzeugungen und Erwartungen realistisch sind, beruhen sie auf Annahmen, die sich m\u00f6glicherweise als nicht zutreffend erweisen. Zuk\u00fcnftige Ergebnisse und Entwicklungen sind abh\u00e4ngig von einer Vielzahl von Faktoren, Risiken und Unw\u00e4gbarkeiten, die zu \u00c4nderungen der ausgedr\u00fcckten Erwartungen und Einsch\u00e4tzungen f\u00fchren k\u00f6nnen. Zu diesen Faktoren z\u00e4hlen zum Beispiel \u00c4nderungen der allgemeinen Wirtschafts- und Gesch\u00e4ftslage, Schwankungen von Wechselkursen und Zinss\u00e4tzen, die mangelnde Akzeptanz neuer Produkte und Dienstleistungen sowie \u00c4nderungen der Gesch\u00e4ftsstrategie. Es gilt deutsches Recht. Gerichtsstand ist, sofern gesetzlich zul\u00e4ssig, Stuttgart.<\/p>\n<p><strong>Markenschutz \/ Urheberrecht<\/strong><\/p>\n<p>Texte, Bilder, Graphiken, Tondokumente, Videosequenzen und Animationsdateien sowie ihre Anordnung unterliegen dem Urheberrecht und anderen Gesetzen zum Schutze geistigen Eigentums. Das vollst\u00e4ndige oder teilweise Reproduzieren, Verbreiten, \u00dcbermitteln, Modifizieren oder Benutzen der Website (elektronisch, digital oder auf andere Weise) f\u00fcr \u00f6ffentliche oder kommerzielle Zwecke jeglicher Art (auch auf anderen Websites) ist ohne die vorherige schriftliche Zustimmung von ELPO untersagt. Das gilt insbesondere f\u00fcr alle Schutzrechte, wie z.B. Marken, Geschmacks- und Gebrauchsmuster, Warenzeichen, Handelsmarken, Typenschilder, Firmenlogos und Embleme von ELPO. Durch die Website wird keine Lizenz an dem geistigen Eigentum von ELPO oder Dritten erteilt. Wir weisen daraufhin, dass auf unserer Website enthaltene Bilder teilweise dem Urheberrecht Dritter unterliegen k\u00f6nnen.<\/p>\n","protected":false},"excerpt":{"rendered":"<p>Verantwortlich f\u00fcr den Inhalt dieser Internetpr\u00e4senz. ELPO GmbH Kuchengrund 18 71522 Backnang Deutschland Telefon: +49 (0) 7191 \/ 9572-0 Telefax: +49 (0) 7191 \/ 9572-29&#8230;<\/p>\n","protected":false},"author":1,"featured_media":1760,"parent":15,"menu_order":4,"comment_status":"closed","ping_status":"closed","template":"","meta":{"footnotes":"","_links_to":"","_links_to_target":""},"class_list":["post-1036","page","type-page","status-publish","has-post-thumbnail","hentry"],"_links":{"self":[{"href":"https:\/\/elpo-thermoprozesstechnik.de\/index.php?rest_route=\/wp\/v2\/pages\/1036","targetHints":{"allow":["GET"]}}],"collection":[{"href":"https:\/\/elpo-thermoprozesstechnik.de\/index.php?rest_route=\/wp\/v2\/pages"}],"about":[{"href":"https:\/\/elpo-thermoprozesstechnik.de\/index.php?rest_route=\/wp\/v2\/types\/page"}],"author":[{"embeddable":true,"href":"https:\/\/elpo-thermoprozesstechnik.de\/index.php?rest_route=\/wp\/v2\/users\/1"}],"replies":[{"embeddable":true,"href":"https:\/\/elpo-thermoprozesstechnik.de\/index.php?rest_route=%2Fwp%2Fv2%2Fcomments&post=1036"}],"version-history":[{"count":6,"href":"https:\/\/elpo-thermoprozesstechnik.de\/index.php?rest_route=\/wp\/v2\/pages\/1036\/revisions"}],"predecessor-version":[{"id":1867,"href":"https:\/\/elpo-thermoprozesstechnik.de\/index.php?rest_route=\/wp\/v2\/pages\/1036\/revisions\/1867"}],"up":[{"embeddable":true,"href":"https:\/\/elpo-thermoprozesstechnik.de\/index.php?rest_route=\/wp\/v2\/pages\/15"}],"wp:featuredmedia":[{"embeddable":true,"href":"https:\/\/elpo-thermoprozesstechnik.de\/index.php?rest_route=\/wp\/v2\/media\/1760"}],"wp:attachment":[{"href":"https:\/\/elpo-thermoprozesstechnik.de\/index.php?rest_route=%2Fwp%2Fv2%2Fmedia&parent=1036"}],"curies":[{"name":"wp","href":"https:\/\/api.w.org\/{rel}","templated":true}]}}